ommon divisor of h and 102.
6
Suppose 0 = 5*c - 6 - 4. Suppose -c*o = -u - 0 + 6, -5*u + 19 = o. What is the highest common divisor of u and 44?
4
Let m(v) be the first derivative of -v**4/4 - 5*v**3/3 + 6*v - 1. Let c be m(-5). Let b be 2*13*c/12. Calculate the highest common factor of 91 and b.
13
Let w be -1*((-3)/2*134 - -3). What is the highest common divisor of 162 and w?
18
Suppose -12*u = -2*u - 110. Calculate the greatest common divisor of 253 and u.
11
Let n = -353 - -493. What is the greatest common divisor of n and 210?
70
Suppose 8372 = 10*b + 16*b. What is the highest common factor of 14 and b?
14
Suppose 32*i = 37*i - 1035. What is the greatest common divisor of i and 552?
69
Suppose 2*t = 3*x + 325, -2*t - 3*x + 125 + 206 = 0. Suppose y - 2*w - 168 = 0, -508 = -4*y + w + t. Calculate the highest common divisor of 21 and y.
21
Let x be 0 - -1 - 8*77/(-14). Suppose -4*p = -3*h - 63, h + 0*h - 74 = -5*p. Calculate the highest common divisor of p and x.
15
Let h(c) = 3*c**2 + 3*c - 14. Let b be h(-5). Suppose b = 2*t - 16. What is the highest common divisor of 31 and t?
31
Let z be 43312/336 - (-8)/84. Calculate the highest common factor of 559 and z.
43
Let z be 186 - ((-22 - -2)/(-5) + 0). What is the highest common divisor of z and 455?
91
Suppose -5*x + 1 - 8 = -t, 0 = -4*t + 4*x + 108. What is the greatest common divisor of 144 and t?
16
Suppose -10*x - 166 = -516. Suppose x = -4*h + 179. Calculate the greatest common factor of h and 396.
36
Suppose 3*v - 3 = 285. Suppose g + v = 5*g. Let m = 2 - -10. Calculate the highest common factor of m and g.
12
Let z(h) = -82*h - 54. Let m be z(-3). What is the highest common factor of m and 704?
64
Let n be 1354/6 + (-260)/39 + 5. What is the highest common factor of 84 and n?
28
Suppose 63*j = 40*j + 47840. Calculate the highest common factor of 65 and j.
65
Suppose 98*u = 106*u - 64. Calculate the greatest common factor of u and 56.
8
Suppose 3*s = 0, -2*r + 3*s - 945 = -5*r. What is the greatest common factor of 126 and r?
63
Let s = -20 - -22. Suppose 2*v - 4*h - 26 = -2*h, -s*v - 5*h = 9. Let x be 12*(1 + (6 - 3)). Calculate the highest common factor of v and x.
8
Let v be -2*(4 + (-28)/2). Suppose 2*p - v = -4*c - 0*c, p = c + 4. Calculate the highest common factor of 12 and p.
6
Let c = 5 - 3. Let k be c/5*(325 + -10). Calculate the highest common factor of k and 18.
18
Suppose -j = -11*f + 12*f - 27, -4*j - 148 = -4*f. Calculate the greatest common divisor of 160 and f.
32
Let f be 1 + -404*(-2)/4. What is the highest common factor of 87 and f?
29
Let n(b) = 431*b**2 + 9*b + 3. Let k be n(-1). Calculate the greatest common divisor of k and 595.
85
Let s = -63 - -67. Let u be 1110/25 + 2/(-5). What is the highest common factor of u and s?
4
Suppose -313 = -2*y - 97. Suppose 48 = n + 3*n. What is the greatest common factor of y and n?
12
Let h(i) = -3*i**3 + 8*i**2 + i - 7. Let b be h(2). What is the greatest common divisor of 69 and b?
3
Suppose 4*o - 18 = 2*t, 2*o + 2*o - 33 = 5*t. Let p be 4/((-4)/(-27)) + 6 + t. Calculate the highest common factor of p and 7.
7
Let l = -45 - -103. Let r(q) = 16*q**2 - 2*q + 13. Let i be r(3). Suppose l = o - i. Calculate the greatest common factor of 19 and o.
19
Suppose -2*y + 67 = -2*j + 21, 2*y = -4*j - 98. Let w = j - -34. Calculate the highest common factor of 15 and w.
5
Suppose 10*l = -506 + 586. What is the greatest common factor of 2048 and l?
8
Let m be (-12 - -11)/(2/2) + 13. Let k be 7/(70/(-24))*-10. Suppose a + a = k. Calculate the highest common factor of a and m.
12
Suppose 7*j - 5083 = -3*s + 6*j, 0 = -4*j - 8. What is the greatest common factor of s and 15?
15
Let v(y) = -y**2 - 21*y + 101. Let c be v(-25). Calculate the greatest common factor of 61 and c.
1
Let j(f) = 4*f**2 - 10*f + 26. Let q be j(3). Calculate the greatest common divisor of 144 and q.
16
Suppose -3 = j + 3. Let q be ((-20)/j)/(16/24). What is the greatest common factor of 35 and q?
5
Let v be 103808/1728 - (-4)/(-54). What is the greatest common divisor of v and 150?
30
Suppose -3*x - 3*q + 6 = 0, -2*x + 13*q - 9*q + 10 = 0. What is the highest common divisor of 129 and x?
3
Suppose 10*v - 2*x = 8*v + 80, -5*x = -4*v + 159. Suppose -9*y = -10*y + 41. Calculate the highest common divisor of v and y.
41
Suppose -5*t + 15 = -0. Let x(c) = -2*c**3 + 0*c**3 + 13 - 9*c + 9*c**2 + 4*c**3 - c**t. Let w be x(-10). What is the greatest common divisor of 18 and w?
3
Let z be ((-28)/5)/((-2)/15). Suppose -j = -2167 - 1298. Let r be 1/((-1331)/j + 4/10). What is the greatest common divisor of z and r?
21
Let d be 37 + 4 + 0 + 1. Calculate the highest common divisor of d and 12.
6
Suppose -14 = -d - 5*l + 1, 3*d = 3*l + 45. Calculate the highest common factor of d and 150.
15
Let q(d) = 6*d**2 - 2*d - 2. Let g be q(2). Let o be 36/(-15)*(-25)/(-2). Let a be 1*(3 - o/2). Calculate the highest common divisor of g and a.
18
Let z(l) = -l + 16. Let c be z(9). Suppose -d + 10 = 2*p, -3*p + 4*d = 14 - c. Calculate the greatest common factor of p and 21.
3
Let n(r) = -r**2 + 9*r - 17. Let m be n(4). Suppose -m*k + 93 = 3*q, 3*q = 2*q - 2*k + 32. Calculate the highest common factor of 15 and q.
15
Let b be (-256)/(-6) + (16/(-6))/4. Suppose 0 = 49*o - 51*o + b. Calculate the greatest common factor of 189 and o.
21
Suppose 4*h - 3*x - 56 = 160, h = 3*x + 45. Suppose 6654*t - 608 = 6646*t. Calculate the greatest common factor of h and t.
19
Let j = 7 + -3. Suppose -j*f = -0 - 36. Let h = -14 + 86. Calculate the greatest common factor of h and f.
9
Suppose 34*b + 36 = 444. Let o = 27 - -9. What is the greatest common factor of o and b?
12
Let g = -23 - -7. Let k = 36 + g. Calculate the greatest common divisor of k and 60.
20
Suppose -13*n + 9*n + 96 = 0. Suppose -5*f + f = -32. What is the greatest common divisor of f and n?
8
Let y be ((3 + -33)/1)/(-2). Suppose 3*s - y + 3 = 0. Let w = 6 + s. What is the greatest common factor of 90 and w?
10
Let a = -2 + 5. Suppose v - 26 - a = 0. Suppose 169 = 5*b + v. Calculate the highest common divisor of 42 and b.
14
Let q be (-2)/(-9) + 676/117. Let j be 1*-5*(0 - q/2). Let n = 7 + -2. What is the highest common divisor of n and j?
5
Suppose -2*b + 930 = 4*z + b, 3*z = b + 691. What is the highest common factor of 42 and z?
21
Suppose h - 82 = -h + 4*f, 0 = 4*h - f - 143. Suppose 8*z = -8*z + 560. Calculate the greatest common factor of z and h.
35
Let v(b) = 2*b**3 - 6*b**2 + 6*b - 2. Let k be v(4). Suppose 5*c - 58 = 2*j - 235, 5*c + 15 = 0. Calculate the highest common divisor of k and j.
27
Let o(i) = i + 8. Let y be 14/(-4)*(4 + -2). Let m be o(y). Suppose -6*z + 5*z = -5*t + 40, -3*z = 0. Calculate the highest common factor of t and m.
1
Suppose 5*t = 3*f + 85, 2*f + 34 = 4*t - 2*t. Let o = -6 + t. Calculate the highest common factor of 121 and o.
11
Suppose -204*y + 203*y = -26. What is the highest common factor of 10 and y?
2
Let i be -2*((-5)/1 - -1). Let c(w) = w**2 - w + 4. Let g be c(-4). Let z be g/(-14)*(-20 + -22). What is the greatest common factor of z and i?
8
Suppose 2*r - 3 = 5. Suppose 3*n = 5*m + 18 + 16, n - r*m - 23 = 0. Suppose h = 4*c - 3*h - 304, 4*c + n*h = 311. What is the highest common factor of 7 and c?
7
Suppose -134 = -3*v - 50. Suppose -o = 5*j, o - 4*j - 12 = -3. Suppose 3*f - 8*w = -o*w + 33, -2*f = 3*w - 2. What is the greatest common divisor of f and v?
7
Suppose -3*l + 2 = -a + 2*a, -4*a + l = -8. Let q = 5089 + -5075. Calculate the greatest common factor of a and q.
2
Let x(m) = 9*m - 12. Suppose 16 - 49 = -4*d - 3*n, 11 = 3*d + 5*n. Let l be x(d). Calculate the highest common factor of 12 and l.
12
Let q be (120/(-36))/((-2)/6). Calculate the greatest common divisor of 130 and q.
10
Let h be (-7)/14*-6 + 35. Calculate the highest common factor of h and 551.
19
Let m be (-2)/42*-7*210. What is the greatest common divisor of 28 and m?
14
Suppose 3*k + 216 = 6*k. Suppose 0*r = -32*r + 512. What is the highest common factor of k and r?
8
Let d be -144*((-1575)/(-14))/(-15). What is the greatest common factor of d and 40?
40
Let i = 5 - -127. Suppose 76*o - 73*o = i. What is the greatest common factor of 110 and o?
22
Let v(y) be the second derivative of 7*y**4/12 + 5*y**3/6 - y**2 + 8*y. Let s b